*c - w. What is the remainder when 111 is divided by c?
16
Let i = 71 - 68. Suppose 4*o - o - 90 = i*h, 0 = 2*h + 2. Calculate the remainder when o is divided by 18.
11
Suppose 0 = 4*i - 3*i + 4. Let p be ((-1218)/(-4))/((-9)/12). What is the remainder when (p/(-35))/(i/(-10)) is divided by 16?
13
Suppose 3*s - 93 + 18 = 0. Suppose -3*v - s = -3*z - v, -26 = -4*z - v. Calculate the remainder when z is divided by 3.
1
What is the remainder when 36 is divided by 546/56*(-8)/(-6)?
10
Suppose 13 = 2*t + 1. Let y = 65 - 54. Calculate the remainder when y is divided by t.
5
What is the remainder when 87 is divided by 15232/850 - 4/(-50)?
15
Suppose 3*d = 4*t - 352, t - 5*d = -6*d + 95. What is the remainder when t is divided by 19?
15
Let s(c) = c**3 + 6*c**2 + 5*c + 7. Suppose 0*q - 4*q + 110 = 3*y, 4*q = 8. Calculate the remainder when y is divided by s(-5).
6
Calculate the remainder when (258/4)/((-54)/(-108)) is divided by 65.
64
Let l(g) = -g**3 + 4*g**2 + 8*g + 8. Let q(i) = -i. Let t(o) = -l(o) - 3*q(o). Let r be t(5). Let y = 16 + r. Calculate the remainder when 23 is divided by y.
7
What is the remainder when 194 is divided by (-78)/(-2) + -28 + 18?
20
What is the remainder when 98 is divided by 7280/390 - (-2)/(-3)?
8
Let x = -367 - -443. Calculate the remainder when x is divided by 20.
16
Suppose 0 = -6*y - 1343 + 2075. Calculate the remainder when y is divided by 64.
58
Let h = 729 + -676. Calculate the remainder when 223 is divided by h.
11
Suppose -5*u + 15 = -10. Let g = u - 0. Suppose -2*h = -g*l - 18 + 1, -4*h + 4*l + 40 = 0. What is the remainder when 32 is divided by h?
10
Let q = -3 + 13. Let i be 300/8*32/20. Let d = 79 - i. What is the remainder when d is divided by q?
9
Let h(w) = 10*w**2 - w. Let g = -3450 + 3469. What is the remainder when g is divided by h(-1)?
8
Calculate the remainder when 14/(-105) - ((-38914)/(-15))/(-2) is divided by 10.
7
Suppose 5*w - 78 = 22. Let v = 63 - 17. Suppose 3*n - t - 38 = 0, -6*n = -3*n - 5*t - v. What is the remainder when w is divided by n?
8
Let j = -25 + 65. Let k be 380/14 + (-7)/49. Suppose -3*n + k = -x - x, -4*n + 2*x + 38 = 0. What is the remainder when j is divided by n?
7
Let s be (-60)/(-8)*1*10. Let p = s - 53. Suppose 16*l = 18*l - 172. Calculate the remainder when l is divided by p.
20
Suppose -5*g = -10, g = 2*b + 6 - 4. Suppose -2*j + b*j = -116. Suppose 2*z - 64 = -34. Calculate the remainder when j is divided by z.
13
Suppose 22*l - 18*l - 180 = 0. Let c = 3 + 2. Suppose -4*t + 37 - c = p, 2*p + t - 36 = 0. Calculate the remainder when l is divided by p.
13
Let v be 4*-13*4/(-8). Suppose 55 = 3*t - v. What is the remainder when 49 is divided by t?
22
Suppose -17*u = -184 - 20. What is the remainder when 226 is divided by u?
10
Calculate the remainder when 0 - -982 - ((16 - 26) + 14) is divided by 10.
8
Suppose -5*n - 2*a + 775 = 3*a, -2*n = 4*a - 306. Calculate the remainder when n is divided by 32.
29
Let y = 23 + -10. What is the remainder when 16072/448 + (0 - (-3)/24) is divided by y?
10
Let r = 14 - -27. Suppose 5*u = 3*b + 145, -u + r - 12 = -2*b. Suppose 16*h - 757 - 1088 = -501. Calculate the remainder when h is divided by u.
26
Suppose -n - 3*q = -6*q - 8, 0 = 2*n - q - 21. Suppose -h = -5*h + 28. Let r = 13 + h. What is the remainder when r is divided by n?
9
Suppose t + 3*a = 8, -6 = -2*t + 3*t - 4*a. What is the remainder when 34 is divided by t?
0
Let v(k) = -k**3 + 5*k**2 + 4*k - 2. Let x = 79 - 76. Let l = 51 + x. Calculate the remainder when l is divided by v(3).
26
Let m = 436 + -351. What is the remainder when m is divided by 9?
4
Let v(m) = 4*m**3 - 6*m**2 - 9*m + 32. Let n(l) = 6*l - 9. Calculate the remainder when n(8) is divided by v(2).
17
Let t = 329 + -484. Calculate the remainder when 55 is divided by (-3348)/t - (-3)/(-5).
13
Suppose 0 = 2*o - 16 - 20. Let u(k) be the first derivative of -4*k**2 - 3*k + 4. Calculate the remainder when u(-9) is divided by o.
15
Let b(w) = -w**3 + 23*w**2 + 24*w + 3. Let k be b(24). Suppose 3*z = 117 - k. Calculate the remainder when z is divided by 5.
3
Let t(c) = c**2 - 35*c + 220. Let g be (-2)/(-7) + 10/14. Calculate the remainder when 1 + 70 - 1/g is divided by t(7).
22
Let o = 1 - -3. Let j be (-16)/(-40) - (-56)/10. Suppose 0 = 3*t + o*q - 37, 0 = 4*t - q - 87 + j. Calculate the remainder when t is divided by 11.
8
What is the remainder when (19/3)/(22/264) is divided by 38?
0
Let u(r) = -30*r + 1. Let g be u(-4). Suppose -p + g + 131 = 0. Suppose -3*t = -t - p. What is the remainder when t is divided by 32?
30
Let w be 14/49 + 718/(-14) - -3. Calculate the remainder when w*-2*(-3)/(-4) is divided by 20.
12
Suppose -5*t = -4*t - 14. Let n be 1/(-3) + (-32)/12. What is the remainder when n/1*(-41)/3 is divided by t?
13
Suppose -4*o - 309 + 65 = -4*d, -5*d - o = -329. Calculate the remainder when 386 is divided by d.
61
Let w be (-10)/(-45) + 534/27. Suppose -8*g = -10*g + w. Let a = -41 + 70. Calculate the remainder when a is divided by g.
9
Calculate the remainder when (-332)/(((-4)/3)/(10/15)) is divided by 34.
30
Let g(q) = -4*q - 55. Suppose -d - 2*b = 7, 6*b + 19 = -2*d + 3*b. Let u = -2 + 8. Calculate the remainder when g(d) is divided by u.
1
Suppose 3*r - 2*i = 193, 0 = -4*r + 6*r + 4*i - 118. Calculate the remainder when 178 is divided by r.
52
Let l = -187 + 224. Suppose 2*c + 2*k = -0*c + 2, 2*k = -3*c + 5. Calculate the remainder when l is divided by (-2)/(-6) + 59/c.
17
Let i = -8 - 7. Let o be (-41)/(-4) - i/(-60). Suppose 22 = 4*m - o. What is the remainder when 30 is divided by m?
6
Let a = 380 - 366. Calculate the remainder when 22 is divided by a.
8
Let s(y) = -y**2 + 2*y + 20. Calculate the remainder when 51 is divided by s(0).
11
Suppose 32 = -0*g + 2*g. Let v = g + 36. What is the remainder when v is divided by 27?
25
Let g be (5*(-3)/9)/((-1)/219). Let b = 589 - g. What is the remainder when b is divided by 45?
44
Let f(r) = r**3 + 9*r**2 + r - 11. Let m(k) = -22*k**3 - 8*k - 7. What is the remainder when f(-8) is divided by m(-1)?
22
Let b = 40 - 32. Let h(n) = 12*n**2 + 0 + 2 - n**3 - 8*n - 3*n**2. Calculate the remainder when h(b) is divided by 1.
0
Let p = 302 + -286. Calculate the remainder when 75 is divided by p.
11
Let b = -66 - -60. Suppose -6*c + 4*c + 10 = 0. What is the remainder when ((-57)/(-6))/(b/(-12)) is divided by c?
4
Let x be (3 + -2)/((-1)/(-77)). Let q = 91 - x. What is the remainder when q is divided by 5?
4
Suppose 10*o - 335 - 435 = 0. What is the remainder when 1229 is divided by o?
74
Suppose -17*r + c + 6 = -15*r, 0 = -c + 2. Suppose -w + 10 - 1 = 0. Calculate the remainder when w is divided by r.
1
Let c(f) = f**3 + 12*f**2 + 4*f + 18. Let q be c(-12). Let z = q - -73. What is the remainder when z is divided by 16?
11
Let r(n) be the first derivative of 2*n**3/3 - 13*n**2/2 + 18*n - 33. Calculate the remainder when 208 is divided by r(8).
40
Let x(h) = h**3 + 6*h**2 - 6*h + 9. Let l = 46 - 53. Let s = 4 - 3. Calculate the remainder when x(l) is divided by s.
0
Let w be 1 - (24/36)/((-4)/30). Suppose 0 = w*s + 30 - 870. Calculate the remainder when s is divided by 11.
8
Let x = 21 + -11. Suppose x*h + 15 = 15*h. Suppose h*n - 106 - 86 = 0. Calculate the remainder when n is divided by 22.
20
Let x = 463 + -273. What is the remainder when x is divided by 25?
15
Let c = 31 + 47. What is the remainder when 148 is divided by c?
70
Calculate the remainder when 218 is divided by 1/2*(1 - 3)*-44.
42
Let u be 298*3/2 - -1. Suppose 110 = -13*f + u. What is the remainder when f is divided by (-3)/(((-2)/10)/1)?
11
Let i = -41 + 35. Let b = 10 + i. Let l = 16 + -1. What is the remainder when l is divided by b?
3
Suppose -2*r + r - 7 = 3*m, -3*r + 5*m + 35 = 0. Let p be -3 + -1*(3 - r). What is the remainder when 24 is divided by (-21 - -3)*p/2?
6
Suppose 0 = 10*q - 19*q + 54. What is the remainder when 75 is divided by q?
3
Let l be (-9)/7 - (-8)/28. Calculate the remainder when 237 is divided by l/4 - (-1)/4*193.
45
What is the remainder when 50 is divided by 13/(-5 - (0 - 6))?
11
Suppose -5*a + 4*a = 4*d + 5, -5*a = -2*d - 85. Let s = 2 + 0. Suppose -22 = -s*h + 3*g + 2*g, -h = -2*g - 10. What is the remainder when a is divided by h?
3
Calculate the remainder wh